{"id":336,"date":"2022-11-04T09:05:21","date_gmt":"2022-11-04T08:05:21","guid":{"rendered":"https:\/\/lfiebeyrouth.aflec-fr.org\/?page_id=336"},"modified":"2024-01-16T10:07:32","modified_gmt":"2024-01-16T09:07:32","slug":"recrutement","status":"publish","type":"page","link":"https:\/\/lfiebeyrouth.aflec-fr.org\/?page_id=336","title":{"rendered":"Recrutement"},"content":{"rendered":"\n<p>Le lyc\u00e9e Fran\u00e7ais International ELITE lance p\u00e9riodiquement des appels \u00e0 candidatures pour des postes administratifs et p\u00e9dagogiques  \u00e0 pourvoir dans ses \u00e9tablissements localis\u00e9s \u00e0 Beyrouth, Bchamoun et Tyr.<\/p>\n\n\n<div class=\"wp-block-image is-resized\">\n<figure class=\"aligncenter size-full\"><img fetchpriority=\"high\" decoding=\"async\" width=\"750\" height=\"440\" src=\"https:\/\/lfiebeyrouth.aflec-fr.org\/wp-content\/uploads\/2022\/12\/Img-Nous-Recrutons.png\" alt=\"\" class=\"wp-image-526\" srcset=\"https:\/\/lfiebeyrouth.aflec-fr.org\/wp-content\/uploads\/2022\/12\/Img-Nous-Recrutons.png 750w, https:\/\/lfiebeyrouth.aflec-fr.org\/wp-content\/uploads\/2022\/12\/Img-Nous-Recrutons-300x176.png 300w, https:\/\/lfiebeyrouth.aflec-fr.org\/wp-content\/uploads\/2022\/12\/Img-Nous-Recrutons-200x117.png 200w\" sizes=\"(max-width: 750px) 100vw, 750px\" \/><\/figure>\n<\/div>\n\n\n<div style=\"height:49px\" aria-hidden=\"true\" class=\"wp-block-spacer\"><\/div>\n\n\n\n<p><strong>Le lyc\u00e9e fran\u00e7ais International Elite de Beyrouth et son annexe de Bchamoun recrutent:&nbsp;<\/strong><\/p>\n\n\n\n<p>-Un(e) professeur(e) d&rsquo;espagnol<\/p>\n\n\n\n<p>-Un(e) professeur(e) d&rsquo;anglais<\/p>\n\n\n\n<p>-Un(e) professeur(e) des \u00e9coles<\/p>\n\n\n\n<p>-Un(e) professeur(e) d&rsquo;arabe&nbsp;<\/p>\n\n\n\n<p><\/p>\n\n\n\n<p>Merci d&rsquo;envoyer votre CV et lettre de motivation \u00e0 <em>michelle.gazal@aflec-fr.org<\/em> ; <em>layla.moujber@aflec-fr.org<\/em><\/p>\n\n\n\n<p><\/p>\n\n\n\n<p><\/p>\n","protected":false},"excerpt":{"rendered":"<p>Le lyc\u00e9e Fran\u00e7ais International ELITE lance p\u00e9riodiquement des appels \u00e0 candidatures pour des postes administratifs et p\u00e9dagogiques \u00e0 pourvoir dans &hellip; <\/p>\n","protected":false},"author":1,"featured_media":0,"parent":0,"menu_order":0,"comment_status":"closed","ping_status":"closed","template":"","meta":{"footnotes":""},"class_list":["post-336","page","type-page","status-publish","hentry"],"_links":{"self":[{"href":"https:\/\/lfiebeyrouth.aflec-fr.org\/index.php?rest_route=\/wp\/v2\/pages\/336","targetHints":{"allow":["GET"]}}],"collection":[{"href":"https:\/\/lfiebeyrouth.aflec-fr.org\/index.php?rest_route=\/wp\/v2\/pages"}],"about":[{"href":"https:\/\/lfiebeyrouth.aflec-fr.org\/index.php?rest_route=\/wp\/v2\/types\/page"}],"author":[{"embeddable":true,"href":"https:\/\/lfiebeyrouth.aflec-fr.org\/index.php?rest_route=\/wp\/v2\/users\/1"}],"replies":[{"embeddable":true,"href":"https:\/\/lfiebeyrouth.aflec-fr.org\/index.php?rest_route=%2Fwp%2Fv2%2Fcomments&post=336"}],"version-history":[{"count":15,"href":"https:\/\/lfiebeyrouth.aflec-fr.org\/index.php?rest_route=\/wp\/v2\/pages\/336\/revisions"}],"predecessor-version":[{"id":1004,"href":"https:\/\/lfiebeyrouth.aflec-fr.org\/index.php?rest_route=\/wp\/v2\/pages\/336\/revisions\/1004"}],"wp:attachment":[{"href":"https:\/\/lfiebeyrouth.aflec-fr.org\/index.php?rest_route=%2Fwp%2Fv2%2Fmedia&parent=336"}],"curies":[{"name":"wp","href":"https:\/\/api.w.org\/{rel}","templated":true}]}}